f + 6, 0 = 2*t + 2*f - 6. Suppose -t*p + 3 = 28, -2*i + 7 = -3*p. Let u = 3 - i. Calculate the remainder when u is divided by 2.
1
Suppose 23*n = -25*n + 1152. What is the remainder when 814 is divided by n?
22
Let b = 2 - 3. Let s be 2/((-1)/(-1) - 30/34). Let u = s + b. What is the remainder when 30 is divided by u?
14
Let x = 834 + -634. Calculate the remainder when x is divided by 21.
11
Let l = -26 - -130. What is the remainder when l is divided by 28?
20
Let v = 450 - 422. Calculate the remainder when 218 is divided by v.
22
Suppose -v - 38 + 563 = 0. Calculate the remainder when v is divided by 48.
45
Suppose -2*r - 2 = -3*y, -3*y + 2 = -2*r + 2*y. Let g = 2 - -7. Calculate the remainder when -1 + r/4 + (-65)/(-4) is divided by g.
6
Let x = -676 - -729. What is the remainder when 314 is divided by x?
49
Suppose 5*k + f = 4*f + 68, -3*f = 4*k - 49. Calculate the remainder when 90 is divided by k.
12
Let k = -36 - -45. Suppose k*t + 188 - 863 = 0. Calculate the remainder when t is divided by 21.
12
Let w = 215 + -213. What is the remainder when 7 is divided by w?
1
Let n = 69 - 52. Calculate the remainder when n is divided by -3 + (32/4 - 2).
2
Let a be -1 + (3 - (-3 + -136)). Calculate the remainder when 23 is divided by 3/((-66)/(-4)) - a/(-11).
10
Suppose 4*v + 207 - 491 = 0. Let j = 58 - 34. What is the remainder when v is divided by j?
23
Let s(q) = 5 - 5 - 9 - q**2 + 3*q. Let m be s(7). Let a = m + 46. Calculate the remainder when a is divided by 4.
1
Let w = -124 - -1310. What is the remainder when w is divided by 44?
42
Let m be 1 - -3 - (2 - -2 - 3). Suppose -m*d - 9 = -60. What is the remainder when 67 is divided by d?
16
What is the remainder when (-57)/38 - 454/(-4) is divided by 66?
46
Let z(v) = v**3 + 11*v**2 + 8*v - 11. Let w = 51 - 61. What is the remainder when 16 is divided by z(w)?
7
Let d(w) = w**2 + 3*w - 4. Let j be (41 - 1)*1 + -1. Let x = j + -22. What is the remainder when d(7) is divided by x?
15
Suppose 0 = 41*y - 31*y - 80. What is the remainder when 20 is divided by y?
4
Let p(u) = u**3 - 8*u**2 - 101*u + 8. Calculate the remainder when 271 is divided by p(15).
67
Suppose 3*j - 2 = 5*d, -4*j + 6 + 4 = -3*d. Let y be (-3 - -6)*(-6)/d. Let m = y - -13. What is the remainder when 11 is divided by m?
3
Let n = 234 + -218. What is the remainder when 1181 is divided by n?
13
Suppose l = 50 - 46. What is the remainder when l is divided by 1?
0
Let y(r) = -5*r + 4*r - 1 + 2*r - 3*r. Let j = -283 - -287. What is the remainder when y(-6) is divided by j?
3
Let a = 3 + -1. Let g = -94 + 182. Let v = -82 + g. Calculate the remainder when v is divided by a.
0
Let k(x) = 30*x + 6. Let q be k(-8). Suppose 5*l - 12 = 68. Calculate the remainder when q/(-5) - 11/(-55) is divided by l.
15
Suppose 0 = 4*n + 3*o - 331, -n - 18*o + 15*o = -76. Calculate the remainder when n is divided by 23.
16
Let f(u) = u**3 - u**2 + 71. Let h(r) = 7*r - 7. Let y be h(1). What is the remainder when f(y) is divided by 37?
34
Suppose -5*v = -3*j - 99, v + 0*j - 3 = -5*j. Let x(o) be the second derivative of -2*o**3 - 7*o**2/2 - 33*o. What is the remainder when x(-5) is divided by v?
17
Let h(v) = 9*v**3 - 2*v**2 - v + 3. What is the remainder when (-12)/4 + 39 + -2 is divided by h(1)?
7
Let h(a) = -2*a + 2. Suppose 0 = u - 2*b - 19, -u - 5*b - 22 + 76 = 0. Calculate the remainder when u is divided by h(-4).
9
Let x = -914 - -973. What is the remainder when x is divided by 37?
22
Suppose -68*q + 41*q + 3564 = 0. Calculate the remainder when 146 is divided by q.
14
Suppose -4*t + 3*n + 191 - 70 = 0, 0 = -5*t - 2*n + 157. Calculate the remainder when t is divided by (-3 + 0)/(3/(-8)).
7
Let j = 195 - 43. Calculate the remainder when j/(-12)*(-105)/10 is divided by 34.
31
Suppose -s - 5*u = -40, -3*s - 2*u = -5*u - 30. Let p = -91 + 132. What is the remainder when p is divided by s?
11
Suppose -4*w + g + 1872 = 0, 0 = 5*w - 4*g - 2151 - 178. Calculate the remainder when w is divided by 14.
7
Suppose -3*h + 2*h + 1 = 2*m, 5*h + 37 = 4*m. Suppose 0 = -3*n - 3*s + 3, -3*s = 7*n - m*n - 7. What is the remainder when 66 is divided by (-138)/(-12)*n/2?
20
Suppose -1175*g + 2750 = -1165*g. Calculate the remainder when g is divided by 20.
15
Let o(g) = -2*g + 169. Let r be o(12). Let m(b) = b**3 - 5*b**2 + 4*b + 4. Let w be m(4). Suppose w*l + l = r. Calculate the remainder when 115 is divided by l.
28
Let h = -557 - -815. What is the remainder when h is divided by 5?
3
Suppose -56*f = -52*f - 180. Calculate the remainder when f is divided by 43.
2
Let y be 1 - 3/3*-1. Suppose 5*n - y*h - 466 = 0, n - 104 = -4*h - h. Calculate the remainder when n is divided by 12.
10
Suppose -3*o - u + 13 = -0*o, 3*u = -4*o + 14. Suppose -159 = -3*q - o*a, 3*q = 5*a - 0*a + 129. Calculate the remainder when 140 is divided by q.
44
What is the remainder when 1605 - -5*32/40 is divided by 124?
121
Let k(t) = 7*t**2 + t + 3. Let z(n) = 73*n - 493. Calculate the remainder when k(3) is divided by z(7).
15
Suppose 4*o - 3762 + 458 = 0. Calculate the remainder when o is divided by 16.
10
Let g be 11/(-3)*2 - (-12)/(-18). What is the remainder when (4 - (-28)/g)*78 is divided by 11?
6
Let w be (30/(-7))/((-1)/7). Let l be 7*1*10/(-120)*-12. Let n = w - l. Calculate the remainder when n is divided by 6.
5
Suppose 16*p - 1166 - 1858 = 0. Calculate the remainder when p is divided by 32.
29
Suppose 2*n - 128 = -50. Let r(u) = u**2 - 94*u + 455. What is the remainder when n is divided by r(89)?
9
Suppose -4*g = 9 - 77. Suppose -4*l = -0*p - 5*p + 113, 3*p + 5*l = 53. Calculate the remainder when p is divided by g.
4
Let t = -1404 - -1433. Calculate the remainder when t is divided by 10.
9
Suppose 4*m - 540 = -2*c, -14*m = -10*m - 2*c - 548. What is the remainder when m is divided by 14?
10
Suppose -w - 4*w + 30 = 0. Let g = 16037 + -15966. Calculate the remainder when g is divided by w.
5
Let r = 102 - 27. Let o be ((-75)/4)/((-2)/(-16)). What is the remainder when r is divided by (-2)/(-8) - o/8?
18
Suppose 0 = 3*b - 4*b + 3. Calculate the remainder when 2 + 11 + -2 + -3 is divided by b.
2
Suppose 2*o - 8 = 0, 0 = f - 2*o - 2*o + 17. Let t be -64*(2/4)/f. Suppose -4*x + t = -3*a, -x - 4*a = 2*x - 24. What is the remainder when 14 is divided by x?
6
Let f(b) = -b**3 - 4*b**2 - 11*b - 11. What is the remainder when ((-3)/2 + 2)*128 is divided by f(-3)?
12
Let r(y) = -6*y + 3. Let z be r(-2). Suppose 10*s = z*s - 10. Suppose 0 = 4*a - 16, s*p - a - 58 = -6*a. What is the remainder when p is divided by 10?
9
Suppose -12*j + 57 = -75. Calculate the remainder when 19 is divided by j.
8
Let y = 53 + -24. Suppose -11 - y = -4*b. What is the remainder when 29 is divided by b?
9
Let r = 160 - 126. Calculate the remainder when 118 is divided by r.
16
Let d(i) = -i**3 + 18*i**2 + i - 19. Let z be d(17). What is the remainder when z/5 + 9/((-180)/8) is divided by 20?
17
Let g = 6 + 1. Calculate the remainder when -3 + (4 + -4 - -3*7) is divided by g.
4
Let j = -456 - -459. What is the remainder when ((-12)/(-9))/(2/15) is divided by j?
1
Let q = 192 - -174. What is the remainder when q is divided by 53?
48
Let j = 1256 - 1245. Let q(d) = d**2 - 5*d + 4. Let h be q(5). Suppose h*n - 16 = -4*a, 0 = a + a + 4*n - 2. Calculate the remainder when j is divided by a.
4
Let w = 8 - 10. Let q = 2 + 23. What is the remainder when ((-485)/10)/(w/4) is divided by q?
22
Let u be (2/(-4))/((-1)/(-12)). Let y = u + 9. Suppose 41 = s + d, -75 = -2*s - d + y. Calculate the remainder when s is divided by 20.
17
Let p be -1 + ((-6)/(-3) - -20). Suppose -5*g - 4*q = q - 295, 16 = 4*q. Suppose -4*a + g = -p. Calculate the remainder when 73 is divided by a.
16
Let r(w) = -4*w. Let a be r(-1). Suppose 4*b = 3*d + 166, -2*b + 2*d = -27 - 55. Calculate the remainder when b is divided by (a - 21/4)*-12.
13
Let j be (-2 - (-5 - -1))*(19 + -17). Suppose 20 = -j*i - g + 66, 0 = 3*i + 4*g - 28. What is the remainder when 69 is divided by i?
9
Let n = -20 + 34. Suppose 1 = 5*t - n. Suppose -98 = -t*r + 37. What is the remainder when r is divided by 23?
22
Let d = -235 - -279. What is the remainder when 84 is divided by d?
40
Suppose 45 = -3*x - 27. Let v = x + 27. Let w = 2 - -9. Calculate the remainder when w is divided by